{"id":2223,"date":"2024-05-03T10:18:33","date_gmt":"2024-05-03T08:18:33","guid":{"rendered":"https:\/\/cpskrsko.si\/?page_id=2223"},"modified":"2024-05-03T12:03:45","modified_gmt":"2024-05-03T10:03:45","slug":"videonadzor","status":"publish","type":"page","link":"https:\/\/cpskrsko.si\/?page_id=2223","title":{"rendered":"Videonadzor"},"content":{"rendered":"\n<p class=\"has-text-align-left\">Klub CPS Kr\u0161ko na streli\u0161\u010du izvaja videonadzor z namenom<strong> zagotavljanja varnosti ljudi, varnosti premo\u017eenja in nadzora vstopa in izstopa v prostor streli\u0161\u010da<\/strong>.<\/p>\n\n\n\n<p class=\"has-text-align-left\">Videonadzor se izvaja na <strong>podlagi zakonitega interesa<\/strong>, ki ga ima klub CPS Kr\u0161ko kot uporabnik streli\u0161\u010da v dogovoru z upravljalcem in lastnikom. Nadzor se izvaja <strong>v skladu z dolo\u010dili 76. \u010dlena in 80. \u010dlena ZVOP-2<\/strong>.<\/p>\n\n\n\n<p class=\"has-text-align-left\">Razlog za uvedbo videonadzora je bilo <strong>pove\u010danje vandalizma na streli\u0161ki opremi<\/strong> in <strong>pove\u010dan vstop nepoobla\u0161\u010denih oseb<\/strong> na streli\u0161\u010de. <strong>Streli\u0161\u010de je zaprtega tipa<\/strong> in je namenjeno samo \u010dlanom klubov, ki so uporabniki streli\u0161\u010da (CPS Kr\u0161ko, DPS Senovo, SKS Senovo in LD Senovo).<\/p>\n\n\n\n<p class=\"has-text-align-left\"><strong>Rok hrambe <\/strong>videoposnetkov je <strong>najve\u010d 6 mesecev<\/strong>.<\/p>\n\n\n\n<p class=\"has-text-align-left\">Podatki se lahko posredujejo pogodbenim obdelovalcem upravljalca ter drugim uporabnikom z ustrezno pravno podlago (npr. policiji ali ministrstvu za notranje zadeve).<strong> Nadaljna obdelava osebnih podatkov ne poteka<\/strong>. Avtomatizirano sprejemanje odlo\u010ditev ne poteka. Podatki se ne posredujejo v tretje dr\u017eave ali mednarodne organizacije.<\/p>\n\n\n\n<p class=\"has-text-align-left\">O izvajanju videonazdora je posameznik obve\u0161\u010den na samem streli\u0161\u010du z <strong>opozorilnimi tablami<\/strong>, ki so obe\u0161ene <strong>ob parkiri\u0161\u010du<\/strong> (na skupnem kozolcu) in <strong>na zabojniku kluba CPS Kr\u0161ko<\/strong>.<\/p>\n\n\n\n<figure class=\"wp-block-image size-large\"><a href=\"https:\/\/cpskrsko.si\/wp-content\/uploads\/2024\/05\/Opozorilo-o-videonadzoru.png\"><img loading=\"lazy\" decoding=\"async\" width=\"1024\" height=\"724\" src=\"https:\/\/cpskrsko.si\/wp-content\/uploads\/2024\/05\/Opozorilo-o-videonadzoru-1024x724.png\" alt=\"\" class=\"wp-image-2225\" srcset=\"https:\/\/cpskrsko.si\/wp-content\/uploads\/2024\/05\/Opozorilo-o-videonadzoru-1024x724.png 1024w, https:\/\/cpskrsko.si\/wp-content\/uploads\/2024\/05\/Opozorilo-o-videonadzoru-300x212.png 300w, https:\/\/cpskrsko.si\/wp-content\/uploads\/2024\/05\/Opozorilo-o-videonadzoru-768x543.png 768w, https:\/\/cpskrsko.si\/wp-content\/uploads\/2024\/05\/Opozorilo-o-videonadzoru-1536x1086.png 1536w, https:\/\/cpskrsko.si\/wp-content\/uploads\/2024\/05\/Opozorilo-o-videonadzoru-2048x1448.png 2048w, https:\/\/cpskrsko.si\/wp-content\/uploads\/2024\/05\/Opozorilo-o-videonadzoru-501x354.png 501w\" sizes=\"auto, (max-width: 1024px) 100vw, 1024px\" \/><\/a><\/figure>\n\n\n\n<p>O pravicah posameznika se odlo\u010da v konkretnem postopku ob navedbi konkretnega kraja in \u010dasa dogodka. Vloga se posreduje na kontaktni naslov cps.krsko@gmail.com<\/p>\n\n\n\n<p><strong>PRAVICA DO PRITO\u017dBE:<\/strong><br>Posameznik ima pravico, da se prito\u017ei Informacijskemu poobla\u0161\u010dencu, naslov: Dunajska 22, 1000 Ljubljana, e-naslov: gp.ip@ip-rs.si, telefon: 01 2309 730, spletna stran: www.ip-rs.si.<\/p>\n","protected":false},"excerpt":{"rendered":"<p>Klub CPS Kr\u0161ko na streli\u0161\u010du izvaja videonadzor z namenom zagotavljanja varnosti ljudi, varnosti premo\u017eenja in nadzora vstopa in izstopa v prostor streli\u0161\u010da. Videonadzor se izvaja na podlagi zakonitega interesa, ki ga ima klub CPS Kr\u0161ko kot uporabnik streli\u0161\u010da v dogovoru z upravljalcem in lastnikom. Nadzor se izvaja v skladu z<a href=\"https:\/\/cpskrsko.si\/?page_id=2223\" class=\"read-more\">Read the rest of this page &raquo;<\/a><\/p>\n","protected":false},"author":299842,"featured_media":0,"parent":1207,"menu_order":4,"comment_status":"closed","ping_status":"closed","template":"","meta":{"ngg_post_thumbnail":0,"footnotes":""},"class_list":["post-2223","page","type-page","status-publish","hentry"],"yoast_head":"<!-- This site is optimized with the Yoast SEO plugin v27.4 - https:\/\/yoast.com\/product\/yoast-seo-wordpress\/ -->\n<title>Videonadzor - CPS Kr\u0161ko<\/title>\n<meta name=\"description\" content=\"Informacije o izvajanju videonazdora na streli\u0161\u010du Zakov (Senovo), ki ga za lastne potrebe izvaja klub CPS Kr\u0161ko.\" \/>\n<meta name=\"robots\" content=\"index, follow, max-snippet:-1, max-image-preview:large, max-video-preview:-1\" \/>\n<link rel=\"canonical\" href=\"https:\/\/cpskrsko.si\/?page_id=2223\" \/>\n<meta property=\"og:locale\" content=\"sl_SI\" \/>\n<meta property=\"og:type\" content=\"article\" \/>\n<meta property=\"og:title\" content=\"Videonadzor - CPS Kr\u0161ko\" \/>\n<meta property=\"og:description\" content=\"Informacije o izvajanju videonazdora na streli\u0161\u010du Zakov (Senovo), ki ga za lastne potrebe izvaja klub CPS Kr\u0161ko.\" \/>\n<meta property=\"og:url\" content=\"https:\/\/cpskrsko.si\/?page_id=2223\" \/>\n<meta property=\"og:site_name\" content=\"CPS Kr\u0161ko\" \/>\n<meta property=\"article:publisher\" content=\"http:\/\/facebook.com\/cpskrsko\" \/>\n<meta property=\"article:modified_time\" content=\"2024-05-03T10:03:45+00:00\" \/>\n<meta property=\"og:image\" content=\"https:\/\/cpskrsko.si\/wp-content\/uploads\/2024\/05\/Opozorilo-o-videonadzoru-1024x724.png\" \/>\n<meta name=\"twitter:label1\" content=\"Est. reading time\" \/>\n\t<meta name=\"twitter:data1\" content=\"2 minuti\" \/>\n<script type=\"application\/ld+json\" class=\"yoast-schema-graph\">{\"@context\":\"https:\\\/\\\/schema.org\",\"@graph\":[{\"@type\":\"WebPage\",\"@id\":\"https:\\\/\\\/cpskrsko.si\\\/?page_id=2223\",\"url\":\"https:\\\/\\\/cpskrsko.si\\\/?page_id=2223\",\"name\":\"Videonadzor - CPS Kr\u0161ko\",\"isPartOf\":{\"@id\":\"https:\\\/\\\/cpskrsko.si\\\/#website\"},\"primaryImageOfPage\":{\"@id\":\"https:\\\/\\\/cpskrsko.si\\\/?page_id=2223#primaryimage\"},\"image\":{\"@id\":\"https:\\\/\\\/cpskrsko.si\\\/?page_id=2223#primaryimage\"},\"thumbnailUrl\":\"https:\\\/\\\/cpskrsko.si\\\/wp-content\\\/uploads\\\/2024\\\/05\\\/Opozorilo-o-videonadzoru-1024x724.png\",\"datePublished\":\"2024-05-03T08:18:33+00:00\",\"dateModified\":\"2024-05-03T10:03:45+00:00\",\"description\":\"Informacije o izvajanju videonazdora na streli\u0161\u010du Zakov (Senovo), ki ga za lastne potrebe izvaja klub CPS Kr\u0161ko.\",\"breadcrumb\":{\"@id\":\"https:\\\/\\\/cpskrsko.si\\\/?page_id=2223#breadcrumb\"},\"inLanguage\":\"sl-SI\",\"potentialAction\":[{\"@type\":\"ReadAction\",\"target\":[\"https:\\\/\\\/cpskrsko.si\\\/?page_id=2223\"]}]},{\"@type\":\"ImageObject\",\"inLanguage\":\"sl-SI\",\"@id\":\"https:\\\/\\\/cpskrsko.si\\\/?page_id=2223#primaryimage\",\"url\":\"https:\\\/\\\/cpskrsko.si\\\/wp-content\\\/uploads\\\/2024\\\/05\\\/Opozorilo-o-videonadzoru.png\",\"contentUrl\":\"https:\\\/\\\/cpskrsko.si\\\/wp-content\\\/uploads\\\/2024\\\/05\\\/Opozorilo-o-videonadzoru.png\",\"width\":3509,\"height\":2481},{\"@type\":\"BreadcrumbList\",\"@id\":\"https:\\\/\\\/cpskrsko.si\\\/?page_id=2223#breadcrumb\",\"itemListElement\":[{\"@type\":\"ListItem\",\"position\":1,\"name\":\"Home\",\"item\":\"https:\\\/\\\/cpskrsko.si\\\/\"},{\"@type\":\"ListItem\",\"position\":2,\"name\":\"STRELI\u0160\u010cE\",\"item\":\"https:\\\/\\\/cpskrsko.si\\\/?page_id=1207\"},{\"@type\":\"ListItem\",\"position\":3,\"name\":\"Videonadzor\"}]},{\"@type\":\"WebSite\",\"@id\":\"https:\\\/\\\/cpskrsko.si\\\/#website\",\"url\":\"https:\\\/\\\/cpskrsko.si\\\/\",\"name\":\"CPS Kr\u0161ko\",\"description\":\"Klub prakti\u010dnega streljanja KR\u0160KO\",\"potentialAction\":[{\"@type\":\"SearchAction\",\"target\":{\"@type\":\"EntryPoint\",\"urlTemplate\":\"https:\\\/\\\/cpskrsko.si\\\/?s={search_term_string}\"},\"query-input\":{\"@type\":\"PropertyValueSpecification\",\"valueRequired\":true,\"valueName\":\"search_term_string\"}}],\"inLanguage\":\"sl-SI\"}]}<\/script>\n<!-- \/ Yoast SEO plugin. -->","yoast_head_json":{"title":"Videonadzor - CPS Kr\u0161ko","description":"Informacije o izvajanju videonazdora na streli\u0161\u010du Zakov (Senovo), ki ga za lastne potrebe izvaja klub CPS Kr\u0161ko.","robots":{"index":"index","follow":"follow","max-snippet":"max-snippet:-1","max-image-preview":"max-image-preview:large","max-video-preview":"max-video-preview:-1"},"canonical":"https:\/\/cpskrsko.si\/?page_id=2223","og_locale":"sl_SI","og_type":"article","og_title":"Videonadzor - CPS Kr\u0161ko","og_description":"Informacije o izvajanju videonazdora na streli\u0161\u010du Zakov (Senovo), ki ga za lastne potrebe izvaja klub CPS Kr\u0161ko.","og_url":"https:\/\/cpskrsko.si\/?page_id=2223","og_site_name":"CPS Kr\u0161ko","article_publisher":"http:\/\/facebook.com\/cpskrsko","article_modified_time":"2024-05-03T10:03:45+00:00","og_image":[{"url":"https:\/\/cpskrsko.si\/wp-content\/uploads\/2024\/05\/Opozorilo-o-videonadzoru-1024x724.png","type":"","width":"","height":""}],"twitter_misc":{"Est. reading time":"2 minuti"},"schema":{"@context":"https:\/\/schema.org","@graph":[{"@type":"WebPage","@id":"https:\/\/cpskrsko.si\/?page_id=2223","url":"https:\/\/cpskrsko.si\/?page_id=2223","name":"Videonadzor - CPS Kr\u0161ko","isPartOf":{"@id":"https:\/\/cpskrsko.si\/#website"},"primaryImageOfPage":{"@id":"https:\/\/cpskrsko.si\/?page_id=2223#primaryimage"},"image":{"@id":"https:\/\/cpskrsko.si\/?page_id=2223#primaryimage"},"thumbnailUrl":"https:\/\/cpskrsko.si\/wp-content\/uploads\/2024\/05\/Opozorilo-o-videonadzoru-1024x724.png","datePublished":"2024-05-03T08:18:33+00:00","dateModified":"2024-05-03T10:03:45+00:00","description":"Informacije o izvajanju videonazdora na streli\u0161\u010du Zakov (Senovo), ki ga za lastne potrebe izvaja klub CPS Kr\u0161ko.","breadcrumb":{"@id":"https:\/\/cpskrsko.si\/?page_id=2223#breadcrumb"},"inLanguage":"sl-SI","potentialAction":[{"@type":"ReadAction","target":["https:\/\/cpskrsko.si\/?page_id=2223"]}]},{"@type":"ImageObject","inLanguage":"sl-SI","@id":"https:\/\/cpskrsko.si\/?page_id=2223#primaryimage","url":"https:\/\/cpskrsko.si\/wp-content\/uploads\/2024\/05\/Opozorilo-o-videonadzoru.png","contentUrl":"https:\/\/cpskrsko.si\/wp-content\/uploads\/2024\/05\/Opozorilo-o-videonadzoru.png","width":3509,"height":2481},{"@type":"BreadcrumbList","@id":"https:\/\/cpskrsko.si\/?page_id=2223#breadcrumb","itemListElement":[{"@type":"ListItem","position":1,"name":"Home","item":"https:\/\/cpskrsko.si\/"},{"@type":"ListItem","position":2,"name":"STRELI\u0160\u010cE","item":"https:\/\/cpskrsko.si\/?page_id=1207"},{"@type":"ListItem","position":3,"name":"Videonadzor"}]},{"@type":"WebSite","@id":"https:\/\/cpskrsko.si\/#website","url":"https:\/\/cpskrsko.si\/","name":"CPS Kr\u0161ko","description":"Klub prakti\u010dnega streljanja KR\u0160KO","potentialAction":[{"@type":"SearchAction","target":{"@type":"EntryPoint","urlTemplate":"https:\/\/cpskrsko.si\/?s={search_term_string}"},"query-input":{"@type":"PropertyValueSpecification","valueRequired":true,"valueName":"search_term_string"}}],"inLanguage":"sl-SI"}]}},"_links":{"self":[{"href":"https:\/\/cpskrsko.si\/index.php?rest_route=\/wp\/v2\/pages\/2223","targetHints":{"allow":["GET"]}}],"collection":[{"href":"https:\/\/cpskrsko.si\/index.php?rest_route=\/wp\/v2\/pages"}],"about":[{"href":"https:\/\/cpskrsko.si\/index.php?rest_route=\/wp\/v2\/types\/page"}],"author":[{"embeddable":true,"href":"https:\/\/cpskrsko.si\/index.php?rest_route=\/wp\/v2\/users\/299842"}],"replies":[{"embeddable":true,"href":"https:\/\/cpskrsko.si\/index.php?rest_route=%2Fwp%2Fv2%2Fcomments&post=2223"}],"version-history":[{"count":6,"href":"https:\/\/cpskrsko.si\/index.php?rest_route=\/wp\/v2\/pages\/2223\/revisions"}],"predecessor-version":[{"id":2232,"href":"https:\/\/cpskrsko.si\/index.php?rest_route=\/wp\/v2\/pages\/2223\/revisions\/2232"}],"up":[{"embeddable":true,"href":"https:\/\/cpskrsko.si\/index.php?rest_route=\/wp\/v2\/pages\/1207"}],"wp:attachment":[{"href":"https:\/\/cpskrsko.si\/index.php?rest_route=%2Fwp%2Fv2%2Fmedia&parent=2223"}],"curies":[{"name":"wp","href":"https:\/\/api.w.org\/{rel}","templated":true}]}}