{"id":1207,"date":"2018-03-01T07:00:45","date_gmt":"2018-03-01T06:00:45","guid":{"rendered":"http:\/\/cpsstrelec.si\/?page_id=1207"},"modified":"2020-08-21T09:08:44","modified_gmt":"2020-08-21T07:08:44","slug":"strelisce","status":"publish","type":"page","link":"https:\/\/cpskrsko.si\/?page_id=1207","title":{"rendered":"STRELI\u0160\u010cE"},"content":{"rendered":"<h2><span style=\"text-decoration: underline;\">Lokacija<\/span><\/h2>\n<p>&nbsp;<\/p>\n<p>Klubsko streli\u0161\u010de se nahaja v Re\u0161tanju nad Senovim &#8211; lokacija <a href=\"https:\/\/www.google.si\/maps\/@46.0436577,15.4717815,396m\/data=!3m1!1e3\">Zakov<\/a>. Streli\u0161\u010de so\u010dasno uporabljajo \u0161e ostala dru\u0161tva, zato je red in disciplina predstavljata bistven koncept varnosti.<\/p>\n<p>&nbsp;<\/p>\n<p><a href=\"http:\/\/cpskrsko.si\/wp-content\/uploads\/2020\/08\/Zakov-2019_2.png\"><img loading=\"lazy\" decoding=\"async\" class=\"aligncenter wp-image-1839 size-large\" src=\"http:\/\/cpskrsko.si\/wp-content\/uploads\/2020\/08\/Zakov-2019_2-1024x724-650x460.png\" alt=\"\" width=\"650\" height=\"460\" srcset=\"https:\/\/cpskrsko.si\/wp-content\/uploads\/2020\/08\/Zakov-2019_2-1024x724.png 1024w, https:\/\/cpskrsko.si\/wp-content\/uploads\/2020\/08\/Zakov-2019_2-300x212.png 300w, https:\/\/cpskrsko.si\/wp-content\/uploads\/2020\/08\/Zakov-2019_2-768x543.png 768w, https:\/\/cpskrsko.si\/wp-content\/uploads\/2020\/08\/Zakov-2019_2-1536x1086.png 1536w, https:\/\/cpskrsko.si\/wp-content\/uploads\/2020\/08\/Zakov-2019_2-2048x1448.png 2048w, https:\/\/cpskrsko.si\/wp-content\/uploads\/2020\/08\/Zakov-2019_2-501x354.png 501w\" sizes=\"auto, (max-width: 650px) 100vw, 650px\" \/><\/a><\/p>\n<p>&nbsp;<\/p>\n<h2><span style=\"text-decoration: underline;\">Izvle\u010dek pravil obna\u0161anja na streli\u0161\u010du<\/span><\/h2>\n<p>&nbsp;<\/p>\n<h4><strong>Obvezna oprema strelca<br \/>\n<\/strong><\/h4>\n<ul>\n<li style=\"padding-left: 30px;\">Za\u0161\u010ditna o\u010dala (varovanje o\u010di)<\/li>\n<li style=\"padding-left: 30px;\">Ustrezni glu\u0161niki (varovanje sluha)<\/li>\n<li style=\"padding-left: 30px;\">Tok v katerem hrani in prena\u0161a prazno oro\u017eje<\/li>\n<\/ul>\n<h4><strong>Splo\u0161ni predpisi<br \/>\n<\/strong><\/h4>\n<ul>\n<li style=\"padding-left: 30px;\">Na streli\u0161\u010de vstopa\u0161 po svoji volji in na svojo odgovornost, zato spo\u0161tuj predpisani red in bodi discipliniran.<\/li>\n<li style=\"padding-left: 30px;\">Na streli\u0161\u010du in v strelskih objektih zahtevamo ti\u0161ino in \u0161porten odnos do drugih souporabnikov.<\/li>\n<li style=\"padding-left: 30px;\">Uporabljati se sme samo brezhibno in varno oro\u017eje ter strelivo.<\/li>\n<li style=\"padding-left: 30px;\">Oro\u017eje se sme nositi na streli\u0161\u010du le izpraznjeno v toku, pu\u0161ke pa z odprtim zapira\u010dem, oziroma prelomljene (lovske pu\u0161ke) in s cevjo navzdol.<\/li>\n<li style=\"padding-left: 30px;\">Tujega oro\u017eja in pribora se ne sme\u0161 dotikati brez dovoljenja lastnika.<\/li>\n<li style=\"padding-left: 30px;\">Pripravo, \u010di\u0161\u010denje in popravilo oro\u017eja opravljaj na zato dolo\u010denem prostoru.<\/li>\n<li style=\"padding-left: 30px;\">Na treningih in na tekmovanjih se mora\u0161 podrejati ukazom za streli\u0161\u010de poobla\u0161\u010denih oseb.<\/li>\n<li style=\"padding-left: 30px;\">Vinjenim osebam, omamljenim in bolnim strelcem je prepovedano streljati.<\/li>\n<\/ul>\n<p>&nbsp;<\/p>\n","protected":false},"excerpt":{"rendered":"<p>Lokacija &nbsp; Klubsko streli\u0161\u010de se nahaja v Re\u0161tanju nad Senovim &#8211; lokacija Zakov. Streli\u0161\u010de so\u010dasno uporabljajo \u0161e ostala dru\u0161tva, zato je red in disciplina predstavljata bistven koncept varnosti. &nbsp; &nbsp; Izvle\u010dek pravil obna\u0161anja na streli\u0161\u010du &nbsp; Obvezna oprema strelca Za\u0161\u010ditna o\u010dala (varovanje o\u010di) Ustrezni glu\u0161niki (varovanje sluha) Tok v katerem<a href=\"https:\/\/cpskrsko.si\/?page_id=1207\" class=\"read-more\">Read the rest of this page &raquo;<\/a><\/p>\n","protected":false},"author":1,"featured_media":0,"parent":0,"menu_order":3,"comment_status":"closed","ping_status":"closed","template":"fullwidth.php","meta":{"ngg_post_thumbnail":0,"footnotes":""},"class_list":["post-1207","page","type-page","status-publish","hentry"],"yoast_head":"<!-- This site is optimized with the Yoast SEO plugin v27.4 - https:\/\/yoast.com\/product\/yoast-seo-wordpress\/ -->\n<title>STRELI\u0160\u010cE - CPS Kr\u0161ko<\/title>\n<meta name=\"robots\" content=\"index, follow, max-snippet:-1, max-image-preview:large, max-video-preview:-1\" \/>\n<link rel=\"canonical\" href=\"https:\/\/cpskrsko.si\/?page_id=1207\" \/>\n<meta property=\"og:locale\" content=\"sl_SI\" \/>\n<meta property=\"og:type\" content=\"article\" \/>\n<meta property=\"og:title\" content=\"STRELI\u0160\u010cE - CPS Kr\u0161ko\" \/>\n<meta property=\"og:description\" content=\"Lokacija &nbsp; Klubsko streli\u0161\u010de se nahaja v Re\u0161tanju nad Senovim &#8211; lokacija Zakov. Streli\u0161\u010de so\u010dasno uporabljajo \u0161e ostala dru\u0161tva, zato je red in disciplina predstavljata bistven koncept varnosti. &nbsp; &nbsp; Izvle\u010dek pravil obna\u0161anja na streli\u0161\u010du &nbsp; Obvezna oprema strelca Za\u0161\u010ditna o\u010dala (varovanje o\u010di) Ustrezni glu\u0161niki (varovanje sluha) Tok v kateremRead the rest of this page &raquo;\" \/>\n<meta property=\"og:url\" content=\"https:\/\/cpskrsko.si\/?page_id=1207\" \/>\n<meta property=\"og:site_name\" content=\"CPS Kr\u0161ko\" \/>\n<meta property=\"article:publisher\" content=\"http:\/\/facebook.com\/cpskrsko\" \/>\n<meta property=\"article:modified_time\" content=\"2020-08-21T07:08:44+00:00\" \/>\n<meta property=\"og:image\" content=\"http:\/\/cpskrsko.si\/wp-content\/uploads\/2020\/08\/Zakov-2019_2-1024x724.png\" \/>\n<meta name=\"twitter:label1\" content=\"Est. reading time\" \/>\n\t<meta name=\"twitter:data1\" content=\"1 minuta\" \/>\n<script type=\"application\/ld+json\" class=\"yoast-schema-graph\">{\"@context\":\"https:\\\/\\\/schema.org\",\"@graph\":[{\"@type\":\"WebPage\",\"@id\":\"https:\\\/\\\/cpskrsko.si\\\/?page_id=1207\",\"url\":\"https:\\\/\\\/cpskrsko.si\\\/?page_id=1207\",\"name\":\"STRELI\u0160\u010cE - CPS Kr\u0161ko\",\"isPartOf\":{\"@id\":\"https:\\\/\\\/cpskrsko.si\\\/#website\"},\"primaryImageOfPage\":{\"@id\":\"https:\\\/\\\/cpskrsko.si\\\/?page_id=1207#primaryimage\"},\"image\":{\"@id\":\"https:\\\/\\\/cpskrsko.si\\\/?page_id=1207#primaryimage\"},\"thumbnailUrl\":\"http:\\\/\\\/cpskrsko.si\\\/wp-content\\\/uploads\\\/2020\\\/08\\\/Zakov-2019_2-1024x724.png\",\"datePublished\":\"2018-03-01T06:00:45+00:00\",\"dateModified\":\"2020-08-21T07:08:44+00:00\",\"breadcrumb\":{\"@id\":\"https:\\\/\\\/cpskrsko.si\\\/?page_id=1207#breadcrumb\"},\"inLanguage\":\"sl-SI\",\"potentialAction\":[{\"@type\":\"ReadAction\",\"target\":[\"https:\\\/\\\/cpskrsko.si\\\/?page_id=1207\"]}]},{\"@type\":\"ImageObject\",\"inLanguage\":\"sl-SI\",\"@id\":\"https:\\\/\\\/cpskrsko.si\\\/?page_id=1207#primaryimage\",\"url\":\"https:\\\/\\\/cpskrsko.si\\\/wp-content\\\/uploads\\\/2020\\\/08\\\/Zakov-2019_2.png\",\"contentUrl\":\"https:\\\/\\\/cpskrsko.si\\\/wp-content\\\/uploads\\\/2020\\\/08\\\/Zakov-2019_2.png\",\"width\":3509,\"height\":2481},{\"@type\":\"BreadcrumbList\",\"@id\":\"https:\\\/\\\/cpskrsko.si\\\/?page_id=1207#breadcrumb\",\"itemListElement\":[{\"@type\":\"ListItem\",\"position\":1,\"name\":\"Home\",\"item\":\"https:\\\/\\\/cpskrsko.si\\\/\"},{\"@type\":\"ListItem\",\"position\":2,\"name\":\"STRELI\u0160\u010cE\"}]},{\"@type\":\"WebSite\",\"@id\":\"https:\\\/\\\/cpskrsko.si\\\/#website\",\"url\":\"https:\\\/\\\/cpskrsko.si\\\/\",\"name\":\"CPS Kr\u0161ko\",\"description\":\"Klub prakti\u010dnega streljanja KR\u0160KO\",\"potentialAction\":[{\"@type\":\"SearchAction\",\"target\":{\"@type\":\"EntryPoint\",\"urlTemplate\":\"https:\\\/\\\/cpskrsko.si\\\/?s={search_term_string}\"},\"query-input\":{\"@type\":\"PropertyValueSpecification\",\"valueRequired\":true,\"valueName\":\"search_term_string\"}}],\"inLanguage\":\"sl-SI\"}]}<\/script>\n<!-- \/ Yoast SEO plugin. -->","yoast_head_json":{"title":"STRELI\u0160\u010cE - CPS Kr\u0161ko","robots":{"index":"index","follow":"follow","max-snippet":"max-snippet:-1","max-image-preview":"max-image-preview:large","max-video-preview":"max-video-preview:-1"},"canonical":"https:\/\/cpskrsko.si\/?page_id=1207","og_locale":"sl_SI","og_type":"article","og_title":"STRELI\u0160\u010cE - CPS Kr\u0161ko","og_description":"Lokacija &nbsp; Klubsko streli\u0161\u010de se nahaja v Re\u0161tanju nad Senovim &#8211; lokacija Zakov. Streli\u0161\u010de so\u010dasno uporabljajo \u0161e ostala dru\u0161tva, zato je red in disciplina predstavljata bistven koncept varnosti. &nbsp; &nbsp; Izvle\u010dek pravil obna\u0161anja na streli\u0161\u010du &nbsp; Obvezna oprema strelca Za\u0161\u010ditna o\u010dala (varovanje o\u010di) Ustrezni glu\u0161niki (varovanje sluha) Tok v kateremRead the rest of this page &raquo;","og_url":"https:\/\/cpskrsko.si\/?page_id=1207","og_site_name":"CPS Kr\u0161ko","article_publisher":"http:\/\/facebook.com\/cpskrsko","article_modified_time":"2020-08-21T07:08:44+00:00","og_image":[{"url":"http:\/\/cpskrsko.si\/wp-content\/uploads\/2020\/08\/Zakov-2019_2-1024x724.png","type":"","width":"","height":""}],"twitter_misc":{"Est. reading time":"1 minuta"},"schema":{"@context":"https:\/\/schema.org","@graph":[{"@type":"WebPage","@id":"https:\/\/cpskrsko.si\/?page_id=1207","url":"https:\/\/cpskrsko.si\/?page_id=1207","name":"STRELI\u0160\u010cE - CPS Kr\u0161ko","isPartOf":{"@id":"https:\/\/cpskrsko.si\/#website"},"primaryImageOfPage":{"@id":"https:\/\/cpskrsko.si\/?page_id=1207#primaryimage"},"image":{"@id":"https:\/\/cpskrsko.si\/?page_id=1207#primaryimage"},"thumbnailUrl":"http:\/\/cpskrsko.si\/wp-content\/uploads\/2020\/08\/Zakov-2019_2-1024x724.png","datePublished":"2018-03-01T06:00:45+00:00","dateModified":"2020-08-21T07:08:44+00:00","breadcrumb":{"@id":"https:\/\/cpskrsko.si\/?page_id=1207#breadcrumb"},"inLanguage":"sl-SI","potentialAction":[{"@type":"ReadAction","target":["https:\/\/cpskrsko.si\/?page_id=1207"]}]},{"@type":"ImageObject","inLanguage":"sl-SI","@id":"https:\/\/cpskrsko.si\/?page_id=1207#primaryimage","url":"https:\/\/cpskrsko.si\/wp-content\/uploads\/2020\/08\/Zakov-2019_2.png","contentUrl":"https:\/\/cpskrsko.si\/wp-content\/uploads\/2020\/08\/Zakov-2019_2.png","width":3509,"height":2481},{"@type":"BreadcrumbList","@id":"https:\/\/cpskrsko.si\/?page_id=1207#breadcrumb","itemListElement":[{"@type":"ListItem","position":1,"name":"Home","item":"https:\/\/cpskrsko.si\/"},{"@type":"ListItem","position":2,"name":"STRELI\u0160\u010cE"}]},{"@type":"WebSite","@id":"https:\/\/cpskrsko.si\/#website","url":"https:\/\/cpskrsko.si\/","name":"CPS Kr\u0161ko","description":"Klub prakti\u010dnega streljanja KR\u0160KO","potentialAction":[{"@type":"SearchAction","target":{"@type":"EntryPoint","urlTemplate":"https:\/\/cpskrsko.si\/?s={search_term_string}"},"query-input":{"@type":"PropertyValueSpecification","valueRequired":true,"valueName":"search_term_string"}}],"inLanguage":"sl-SI"}]}},"_links":{"self":[{"href":"https:\/\/cpskrsko.si\/index.php?rest_route=\/wp\/v2\/pages\/1207","targetHints":{"allow":["GET"]}}],"collection":[{"href":"https:\/\/cpskrsko.si\/index.php?rest_route=\/wp\/v2\/pages"}],"about":[{"href":"https:\/\/cpskrsko.si\/index.php?rest_route=\/wp\/v2\/types\/page"}],"author":[{"embeddable":true,"href":"https:\/\/cpskrsko.si\/index.php?rest_route=\/wp\/v2\/users\/1"}],"replies":[{"embeddable":true,"href":"https:\/\/cpskrsko.si\/index.php?rest_route=%2Fwp%2Fv2%2Fcomments&post=1207"}],"version-history":[{"count":14,"href":"https:\/\/cpskrsko.si\/index.php?rest_route=\/wp\/v2\/pages\/1207\/revisions"}],"predecessor-version":[{"id":1842,"href":"https:\/\/cpskrsko.si\/index.php?rest_route=\/wp\/v2\/pages\/1207\/revisions\/1842"}],"wp:attachment":[{"href":"https:\/\/cpskrsko.si\/index.php?rest_route=%2Fwp%2Fv2%2Fmedia&parent=1207"}],"curies":[{"name":"wp","href":"https:\/\/api.w.org\/{rel}","templated":true}]}}